p) = p**2 - 16*p - 10. Determine z(15).
-25
Let t(q) = 6*q - 37. What is t(9)?
17
Let m(x) = x**2 + 6*x - 43. Calculate m(-10).
-3
Let m(o) = o**2 + 5*o - 18. Determine m(-8).
6
Let o(u) = -149*u**3 + 2*u**2 + 2*u + 1. What is o(-1)?
150
Let j(i) = 7*i**2 - i. What is j(-1)?
8
Let m(l) = -2*l - 5. Calculate m(-4).
3
Let m(r) = -10*r**3 - 3*r**2 - r + 1. Calculate m(-1).
9
Let j(k) = k**2 + 15*k - 160. What is j(7)?
-6
Let r(q) = q**2 + 13*q - 54. Give r(-14).
-40
Let v(a) = -4*a - 21. Give v(4).
-37
Let n(s) = -3*s + 10. Determine n(-9).
37
Let a(t) = t**2 - 5*t + 25. Give a(10).
75
Let k(b) = -b**2 + 6*b + 5. Determine k(6).
5
Let j(o) = -o**3 + 6*o**2 - 2*o + 2. Give j(3).
23
Let b(n) = -9*n**2 + 7*n - 4. Give b(1).
-6
Let s(k) = -k**3 - 16*k**2 - 21*k - 24. Determine s(-14).
-122
Let g(j) = j**2 - 4*j - 33. Give g(8).
-1
Let f(d) = d**2 + 20*d + 91. Determine f(-12).
-5
Let b(g) = -7*g**3 + g**2 + 2*g. Determine b(-1).
6
Let l(y) = -y - 14. Determine l(-10).
-4
Let n(y) = 2*y**2 + 5*y + 2. Calculate n(-5).
27
Let g(z) = -z**2 - z + 3. Give g(-2).
1
Let q(i) = -i**3 - i**2 + 14*i + 15. Give q(-1).
1
Let n(a) = 8*a - 304. Determine n(38).
0
Let s(x) = -3*x + 39. Calculate s(11).
6
Let l(n) = n**3 + 7*n**2 - n - 3. Give l(-7).
4
Let x(q) = 13*q - 4. What is x(2)?
22
Let b(y) = 31*y - 142. Give b(5).
13
Let p(s) = -s**3 - 5*s**2 - 35. Calculate p(-6).
1
Let d(w) = w**2 + 5*w + 12. Give d(-8).
36
Let o(y) = 9*y + 1. Determine o(-5).
-44
Let m(g) = 4*g**2 - 2*g. Give m(-3).
42
Let p(y) = 27*y - 6. Determine p(2).
48
Let c(a) = -2*a**3 - 2*a**2 + 2*a - 1. Give c(1).
-3
Let q(f) = 21*f**2 - 2*f + 3. Determine q(1).
22
Let u(c) = -c**3 + 11*c**2 - 12*c + 19. Calculate u(10).
-1
Let y(c) = -c**2 - 2*c + 39. Calculate y(-8).
-9
Let l(o) = 3*o**2 + 3*o + 19. Give l(0).
19
Let q(y) = -5*y + 16. What is q(-6)?
46
Let n(v) = -v**3 - 7*v**2 + 20*v + 38. Give n(-9).
20
Let u(d) = -23*d + 3. Determine u(-7).
164
Let h(m) = 2*m**3 - 11*m**2 + 27*m - 2. Give h(5).
108
Let j(s) = 2*s**3 + 11*s**2 + 4*s + 2. What is j(-5)?
7
Let c(q) = q**2 + 7*q - 3. What is c(-6)?
-9
Let p(t) = 7*t**2 + 2*t - 1. Calculate p(1).
8
Let h(a) = a**3 + 12*a**2 + 15*a - 14. Determine h(-11).
-58
Let o(s) = 16*s + 512. Determine o(-32).
0
Let u(l) = 33*l - 262. Give u(8).
2
Let y(d) = -8*d**3 - d**2 + 5*d + 5. What is y(-1)?
7
Let z(d) = d**3 - 8*d**2 + 2*d - 7. What is z(7)?
-42
Let s(g) = -2*g - 11. Give s(-5).
-1
Let f(u) = u**2 - 31*u - 70. Give f(33).
-4
Let c(r) = -r**3 - 2*r**2 - 2*r - 4. Give c(-3).
11
Let p(i) = i**2 + 19*i - 151. What is p(-25)?
-1
Let r(t) = -12*t**2 - 3*t - 4. Give r(-1).
-13
Let m(g) = -g**2 - 7*g - 12. Calculate m(-6).
-6
Let f(x) = -x**2 - 3*x + 12. What is f(-5)?
2
Let p(d) = -d**2 - 56*d - 161. Give p(-3).
-2
Let o(c) = c**3 + 39*c**2 + 40*c + 71. Give o(-38).
-5
Let l(x) = x**2 + 12*x + 5. Give l(0).
5
Let t(a) = 2*a**3 - 2*a**2 - a + 10. What is t(0)?
10
Let d(v) = 2*v**2 - 38*v - 81. Give d(21).
3
Let x(d) = -16*d**3 - d**2 + 2*d. Give x(1).
-15
Let w(f) = f + 15. Calculate w(-23).
-8
Let m(k) = k**3 + 8*k**2 - 2*k - 2. What is m(-8)?
14
Let u(o) = 27*o**3 - o**2 + 3*o - 4. Determine u(1).
25
Let o(j) = j**3 + 3*j**2 + 47*j + 141. Give o(-3).
0
Let i(n) = -n**3 - 6*n**2 + 5*n. Calculate i(-7).
14
Let c(r) = -r**2 + 8*r - 12. Give c(6).
0
Let z(x) = x - 16. Calculate z(10).
-6
Let r(x) = x**2 + 24*x - 346. What is r(10)?
-6
Let s(h) = -h**2 + 5*h + 17. Calculate s(-4).
-19
Let r(w) = w**3 + 7*w**2 + 9*w + 14. Give r(-6).
-4
Let t(w) = w**3 - 16*w**2 + 16*w + 13. Determine t(15).
28
Let n(i) = 3*i**2 + 56*i + 207. Calculate n(-5).
2
Let n(m) = 25*m - 99. Determine n(6).
51
Let n(f) = f**3 - 18*f**2 + 18*f - 16. Calculate n(17).
1
Let v(y) = -y**3 - 4*y**2 - 13*y - 84. Calculate v(-5).
6
Let n(q) = -q**2 + 27*q - 3. Give n(0).
-3
Let m(b) = b**3 - 7*b**2 - 9*b - 4. What is m(8)?
-12
Let n(x) = -x. Calculate n(6).
-6
Let y(d) = -d + 12. Determine y(9).
3
Let o(r) = 2*r**2 + 10*r + 11. Give o(-6).
23
Let q(z) = -z**3 - 10*z**2 - 17*z - 2. Calculate q(-8).
6
Let x(w) = -w**3 - 22*w**2 - 16*w - 18. What is x(-21)?
-123
Let q(a) = a**3 - 8*a**2 + 5*a - 47. What is q(8)?
-7
Let u(n) = n**3 + 14*n**2 + 16*n + 9. Determine u(-13).
-30
Let i(n) = -8*n + 185. Calculate i(24).
-7
Let q(w) = 4*w - 62. Calculate q(19).
14
Let l(p) = p**3 + 32*p**2 + 87*p + 7. Give l(-29).
7
Let r(u) = -5*u - 3. Determine r(2).
-13
Let s(u) = u**3 - 13*u**2 + 2*u - 15. What is s(13)?
11
Let j(t) = 3*t**2 - 32*t + 4. Determine j(10).
-16
Let g(x) = x + 14. Calculate g(-16).
-2
Let i(a) = -11*a**2 + 6*a + 7. Calculate i(5).
-238
Let a(z) = -z**2 - z + 7. Give a(-5).
-13
Let k(r) = r**3 + 2*r**2 - 6*r - 6. Calculate k(-4).
-14
Let v(u) = -2*u**2 - 7*u + 15. Calculate v(-6).
-15
Let j(g) = -71*g - 5. Determine j(0).
-5
Let b(t) = t**3 - 28*t**2 - 23*t - 58. Calculate b(29).
116
Let z(w) = 6*w**3 - w**2 - 3*w + 5. Calculate z(2).
43
Let b(a) = 5*a**2 + 9*a + 7. Determine b(-3).
25
Let k(t) = 8*t + 136. Give k(-17).
0
Let i(l) = 3*l + 16. Determine i(-5).
1
Let c(q) = q**2 - 20*q - 19. Calculate c(9).
-118
Let n(h) = -h**3 - 13*h**2 + 20. Give n(-13).
20
Let r(p) = -86*p + 2833. Give r(33).
-5
Let m(o) = -o**2 + 5*o + 7. Calculate m(-5).
-43
Let b(v) = -9*v - 342. Determine b(-39).
9
Let t(g) = 8*g**3 + g**2 + 5*g + 5. Give t(-1).
-7
Let u(g) = g**2 - 10*g + 8. Determine u(7).
-13
Let k(z) = 12*z - 15. Determine k(8).
81
Let s(j) = -2*j**2 - 16*j + 19. Give s(-9).
1
Let d(r) = -r**3 - 17*r**2 - 37*r - 33. What is d(-15)?
72
Let w(h) = -h - 4. Calculate w(-2).
-2
Let s(l) = l**3 + 7*l**2 - 12*l - 3. What is s(-8)?
29
Let v(s) = -s**3 + s**2 + 9*s - 8. What is v(3)?
1
Let m(p) = p**3 - 7*p**2 + 8*p + 1. What is m(5)?
-9
Let p(f) = -8*f - 35. Give p(-6).
13
Let g(m) = -13*m + 213. What is g(17)?
-8
Let a(o) = -o**3 - 9*o**2 + 8*o - 160. Give a(-11).
-6
Let s(v) = 5*v + 11. What is s(-13)?
-54
Let g(q) = q**3 - 10*q**2 + 14*q - 7. Calculate g(9).
38
Let r(q) = -139*q**2 + 2*q + 2. Give r(-1).
-139
Let v(t) = t**3 - 75*t**2 - 572*t + 14. Give v(-7).
0
Let y(b) = -4*b - 250. Determine y(-60).
-10
Let n(r) = r**3 - 14*r**2 - 15*r + 7. Give n(15).
7
Let u(l) = -l**3 + 3*l**2 + 2*l + 1. Give u(3).
7
Let p(s) = 8*s + 416. Give p(-52).
0
Let m(t) = 25*t + 27. Calculate m(-2).
-23
Let l(i) = -2*i**3 - i**2 + i - 1. What is l(-2)?
9
Let i(q) = -2*q**3 - 13*q**2 + 26*q + 8. Calculate i(-8).
-8
Let q(d) = d**3 - 4*d**2 + d - 7. Determine q(3).
-13
Let c(v) = v**3 + 7*v**2 + v - 2. What is c(-6)?
28
Let w(j) = -j**2 + 168. Give w(14).
-28
Let x(s) = -7*s**2 + 2. Give x(1).
-5
Let y(q) = q**2 + 40*q + 191. What is y(-35)?
16
Let o(r) = -r**2 + 2*r + 4. Give o(-5).
-31
Let i(n) = -n**2 - 31*n - 211. Give i(-12).
17
Let x(p) = -p**2 - p. Calculate x(1).
-2
Let z(v) = -20*v - 3. Calculate z(-2).
37
Let n(k) = 6*k**3 + 8*k**2 + 2*k - 7. Calculate n(-3).
-103
Let k(g) = -37*g**2 + g - 1. Give k(1).
-37
Let c(b) = 7*b - 116. Determine c(16).
-4
Let i(j) = j**3 + 22*j**2 - 45*j + 67. Determine i(-24).
-5
Let v(y) = -y**3 - 3*y**2 + 8*y - 2. Give v(-5).
8
Let u(b) = 7*b**2 - b - 3. What is u(3)?
57
Let b(y) = 4*y - 10. What is b(5)?
10
Let v(s) = -9*s - 25. Give v(6).
-79
Let j(w) = 2*w**2 - 2*w + 9. What is j(-4)?
49
Let w(m) = m**3 + 3*m**2 + 4*m + 1. Give w(-3).
-11
Let z(i) = -i**3 + 2*i**2 - 3*i - 24. Give z(0).
-24
Let f(s) = 2*s + 25. Give f(-25).
-25
Let h(t) = -t**2 + 2*t - 5. Give h(5).
-20
Let b(n) = -12*n + 564. Calculate b(47).
0
Let q(i) = i**3 + 4*i**2 + 10*i + 4. Give q(-4).
-36
Let c(z) = z**2 + 32*z - 182. What is c(-36)?
-38
Let z(k) = -k**3 + 22*k**2 - 19*k - 21. Give z(21).
21
Let b(u) = -28*u + 60. What is b(2)?
4
Let i(j) = -7*j**2 + j - 1. Determine i(1).
-7
Let z(c) = -2*c**3 + 107*c**2 - 50*c - 161. Give z(53).
-2
Let a(q) = q**2 + 14*q + 2. Give a(-16).
34
Let h(z) = -z**2 - 19*z - 66. Calculate h(-16).
-18
Let j(d) = -4*d**2 - 2*d + 2. Give j(1).
-4
Let m(f) = f**3 + 2*f**2 + 10*f - 3. Determine m(0).
-3
Let u(y) = -y**2 + 11*y + 4. What is u(9)?
22
Let h(s) = 2*s + 4. Calculate h(-6).
-8
Let j(f) = f**3 - f**2 + 4. What is j(0)?
4
Let r(s) = 13*s + 52. What is r(-6)?
-26
Let o(k) = -10*k**2 + 36*k - 2. Calculate o(3).
16
Let t(o) = o**3 - 20*o**2 + 17*o + 46. What is t(19)?
8
L